usands digit of 274562218?
5
What is the ten thousands digit of 3298432822?
3
What is the hundreds digit of 135020099?
0
What is the tens digit of 716234853?
5
What is the thousands digit of 28297990?
7
What is the ten millions digit of 758897667?
5
What is the millions digit of 2318933194?
8
What is the ten millions digit of 4019518381?
1
What is the hundred millions digit of 177200155?
1
What is the ten millions digit of 52563594?
5
What is the tens digit of 79282465?
6
What is the ten thousands digit of 14703824?
0
What is the thousands digit of 326744301?
4
What is the tens digit of 8865034?
3
What is the thousands digit of 231981632?
1
What is the ten millions digit of 214456228?
1
What is the ten millions digit of 439391701?
3
What is the ten thousands digit of 2031571383?
7
What is the units digit of 606717942?
2
What is the hundred thousands digit of 188510298?
5
What is the hundred thousands digit of 10285033?
2
What is the thousands digit of 4724250330?
0
What is the ten thousands digit of 2065880991?
8
What is the hundred thousands digit of 3681316822?
3
What is the thousands digit of 342851959?
1
What is the tens digit of 358301?
0
What is the hundred millions digit of 435479331?
4
What is the tens digit of 38680768?
6
What is the hundred thousands digit of 1384608059?
6
What is the tens digit of 2235435099?
9
What is the millions digit of 4330020618?
0
What is the ten thousands digit of 679313703?
1
What is the hundred millions digit of 207763229?
2
What is the ten millions digit of 77793291?
7
What is the ten thousands digit of 292194625?
9
What is the ten thousands digit of 240161415?
6
What is the hundreds digit of 30203562?
5
What is the thousands digit of 288494779?
4
What is the millions digit of 57163519?
7
What is the hundreds digit of 390064876?
8
What is the ten millions digit of 13203103?
1
What is the millions digit of 762684378?
2
What is the ten millions digit of 6685259323?
8
What is the thousands digit of 7857999749?
9
What is the units digit of 135722754?
4
What is the ten thousands digit of 1915265777?
6
What is the billions digit of 2768736664?
2
What is the billions digit of 3688480595?
3
What is the millions digit of 1978796514?
8
What is the millions digit of 4995611048?
5
What is the thousands digit of 1122973620?
3
What is the units digit of 3577353009?
9
What is the units digit of 1142107979?
9
What is the ten thousands digit of 114586921?
8
What is the units digit of 1067265883?
3
What is the hundred thousands digit of 541737139?
7
What is the ten millions digit of 5344756245?
4
What is the billions digit of 1416402057?
1
What is the tens digit of 244707764?
6
What is the hundred thousands digit of 52384772?
3
What is the units digit of 175076379?
9
What is the hundred thousands digit of 6548004859?
0
What is the ten thousands digit of 33331785?
3
What is the hundreds digit of 76661140?
1
What is the units digit of 54135222?
2
What is the thousands digit of 3241046592?
6
What is the ten millions digit of 1155396009?
5
What is the hundred thousands digit of 882881954?
8
What is the hundreds digit of 95829905?
9
What is the billions digit of 2152843037?
2
What is the tens digit of 5018414373?
7
What is the ten thousands digit of 215572806?
7
What is the hundred thousands digit of 917664995?
6
What is the ten millions digit of 144284957?
4
What is the hundred thousands digit of 1762956020?
9
What is the ten millions digit of 1328693021?
2
What is the ten thousands digit of 765782302?
8
What is the hundreds digit of 5696157?
1
What is the ten millions digit of 153173479?
5
What is the hundreds digit of 1031455503?
5
What is the ten millions digit of 50348848?
5
What is the thousands digit of 32212238?
2
What is the hundred millions digit of 1215617747?
2
What is the ten thousands digit of 24859320?
5
What is the units digit of 1834827336?
6
What is the tens digit of 457584935?
3
What is the hundred thousands digit of 2688403746?
4
What is the billions digit of 3043735532?
3
What is the thousands digit of 1753372211?
2
What is the ten thousands digit of 25590858?
9
What is the thousands digit of 959294228?
4
What is the millions digit of 85144559?
5
What is the millions digit of 351396365?
1
What is the units digit of 153573792?
2
What is the units digit of 157243634?
4
What is the hundred thousands digit of 181078387?
0
What is the millions digit of 287658074?
7
What is the hundred millions digit of 1951095924?
9
What is the ten thousands digit of 239470641?
7
What is the thousands digit of 962073324?
3
What is the hundreds digit of 5202235726?
7
What is the ten millions digit of 40068523?
4
What is the ten millions digit of 117785629?
1
What is the ten millions digit of 14300070?
1
What is the hundred millions digit of 381123874?
3
What is the tens digit of 163575214?
1
What is the ten millions digit of 347879166?
4
What is the millions digit of 5777868349?
7
What is the thousands digit of 46956768?
6
What is the thousands digit of 4442290?
2
What is the ten millions digit of 234104750?
3
What is the hundreds digit of 1955081998?
9
What is the ten thousands digit of 3606891?
0
What is the hundred thousands digit of 847458099?
4
What is the ten millions digit of 2339420020?
3
What is the hundred millions digit of 814725053?
8
What is the tens digit of 402696800?
0
What is the ten millions digit of 1108158193?
0
What is the ten thousands digit of 3618957299?
5
What is the hundreds digit of 1351495397?
3
What is the ten millions digit of 1167584275?
6
What is the millions digit of 152554494?
2
What is the hundred thousands digit of 174474134?
4
What is the ten thousands digit of 48928016?
2
What is the hundreds digit of 87949640?
6
What is the ten thousands digit of 194962890?
6
What is the billions digit of 4150651895?
4
What is the ten millions digit of 318625315?
1
What is the hundred thousands digit of 41364412?
3
What is the hundred thousands digit of 59842318?
8
What is the hundred thousands digit of 6976409913?
4
What is the millions digit of 269019114?
9
What is the hundreds digit of 85024760?
7
What is the units digit of 58589548?
8
What is the ten millions digit of 254596064?
5
What is the hundreds digit of 40664462?
4
What is the units digit of 326107793?
3
What is the ten millions digit of 600164395?
0
What is the units digit of 28142321?
1
What is the millions digit of 156819135?
6
What is the tens digit of 4869230429?
2
What is the thousands digit of 201942222?
2
What is the tens digit of 443055625?
2
What is the hundreds digit of 143202844?
8
What is the tens digit of 1137236909?
0
What is the tens digit of 18394608?
0
What is the hundred millions digit of 371897843?
3
What is the hundred millions digit of 2950503661?
9
What is the thousands digit of 334443746?
3
What is the tens digit of 1961788?
8
What is the millions digit of 1950294927?
0
What is the hundreds digit of 311633922?
9
What is the units digit of 2188363178?
8
What is the thousands digit of 657798455?
8
What is the hundred thousands digit of 15667135?
6
What is the millions digit of 56698629?
6
What is the ten thousands digit of 217230927?
3
What is the tens digit of 2219499231?
3
What is the ten millions digit of 1240848068?
4
What is the hundreds digit of 86060089?
0
What is the hundred millions digit of 976510275?
9
What is the hundreds digit of 195004802?
8
What is the millions digit of 483633313?
3
What is the ten thousands digit of 198842028?
4
What is the hundreds digit of 693758584?
5
What is the hundreds digit of 2240192?
1
What is the ten millions digit of 76556986?
7
What is the thousands digit of 195810008?
0
What is the millions digit of 595432017?
5
What is the thousands digit of 5890731027?
1
What is the millions digit of 531074580?
1
What is the ten millions digit of 81583837?
8
What is the billions digit of 1933890238?
1
What is the hundreds digit of 1079211494?
4
What is the units digit of 51095789?
9
What is the ten thousands digit of 257743789?
4
What is the hundreds digit of 8474580?
5
What is the units digit of 47588690?
0
What is the tens digit of 7039560600?
0
What is the units digit of 677719581?
1
What is the hundreds digit of 1944247?
2
What is the hundred thousands digit of 83000794?
0
What is the h